 is the tens digit of 9537?
3
What is the hundreds digit of 2792?
7
What is the tens digit of 97146?
4
What is the ten thousands digit of 29096?
2
What is the units digit of 60?
0
What is the units digit of 2505?
5
What is the tens digit of 106?
0
What is the tens digit of 2950?
5
What is the thousands digit of 6418?
6
What is the thousands digit of 150732?
0
What is the hundreds digit of 756?
7
What is the units digit of 755?
5
What is the tens digit of 139853?
5
What is the thousands digit of 4188?
4
What is the ten thousands digit of 27108?
2
What is the units digit of 812?
2
What is the hundreds digit of 95696?
6
What is the hundreds digit of 6789?
7
What is the thousands digit of 14851?
4
What is the tens digit of 2508?
0
What is the units digit of 1718?
8
What is the hundreds digit of 767?
7
What is the units digit of 6470?
0
What is the thousands digit of 17915?
7
What is the units digit of 21986?
6
What is the units digit of 41615?
5
What is the tens digit of 9882?
8
What is the tens digit of 6889?
8
What is the hundreds digit of 7507?
5
What is the tens digit of 5929?
2
What is the thousands digit of 1425?
1
What is the thousands digit of 96667?
6
What is the units digit of 2085?
5
What is the thousands digit of 1736?
1
What is the hundreds digit of 40289?
2
What is the units digit of 1212?
2
What is the ten thousands digit of 42788?
4
What is the thousands digit of 71889?
1
What is the hundreds digit of 2083?
0
What is the tens digit of 490?
9
What is the thousands digit of 30723?
0
What is the units digit of 3302?
2
What is the units digit of 31661?
1
What is the tens digit of 20545?
4
What is the tens digit of 27762?
6
What is the ten thousands digit of 87586?
8
What is the units digit of 2043?
3
What is the tens digit of 3747?
4
What is the tens digit of 12509?
0
What is the units digit of 18127?
7
What is the units digit of 4818?
8
What is the tens digit of 1342?
4
What is the hundreds digit of 4362?
3
What is the units digit of 18619?
9
What is the hundreds digit of 108411?
4
What is the thousands digit of 1131?
1
What is the thousands digit of 1147?
1
What is the tens digit of 86?
8
What is the thousands digit of 4919?
4
What is the thousands digit of 14993?
4
What is the thousands digit of 12145?
2
What is the ten thousands digit of 70244?
7
What is the hundreds digit of 1975?
9
What is the hundreds digit of 89085?
0
What is the hundreds digit of 1729?
7
What is the tens digit of 17647?
4
What is the hundreds digit of 5232?
2
What is the hundreds digit of 58810?
8
What is the hundreds digit of 695?
6
What is the hundreds digit of 12397?
3
What is the units digit of 3025?
5
What is the hundred thousands digit of 107266?
1
What is the hundreds digit of 2609?
6
What is the hundreds digit of 24509?
5
What is the units digit of 58533?
3
What is the units digit of 84?
4
What is the tens digit of 14872?
7
What is the tens digit of 168?
6
What is the thousands digit of 1194?
1
What is the units digit of 287?
7
What is the tens digit of 13917?
1
What is the thousands digit of 4436?
4
What is the tens digit of 4580?
8
What is the hundreds digit of 11487?
4
What is the thousands digit of 28785?
8
What is the units digit of 14865?
5
What is the hundreds digit of 2755?
7
What is the thousands digit of 1423?
1
What is the hundreds digit of 110611?
6
What is the units digit of 7447?
7
What is the units digit of 15216?
6
What is the ten thousands digit of 78113?
7
What is the thousands digit of 1067?
1
What is the units digit of 16798?
8
What is the units digit of 7597?
7
What is the units digit of 1525?
5
What is the tens digit of 25534?
3
What is the ten thousands digit of 113830?
1
What is the thousands digit of 7608?
7
What is the ten thousands digit of 24679?
2
What is the hundreds digit of 4188?
1
What is the tens digit of 8501?
0
What is the hundreds digit of 1595?
5
What is the tens digit of 7586?
8
What is the hundreds digit of 143247?
2
What is the tens digit of 15279?
7
What is the tens digit of 4271?
7
What is the ten thousands digit of 11448?
1
What is the hundreds digit of 826?
8
What is the units digit of 415?
5
What is the thousands digit of 11234?
1
What is the tens digit of 148?
4
What is the units digit of 349?
9
What is the hundreds digit of 1443?
4
What is the hundreds digit of 121?
1
What is the hundreds digit of 9939?
9
What is the units digit of 22174?
4
What is the units digit of 3124?
4
What is the units digit of 4666?
6
What is the hundreds digit of 1359?
3
What is the units digit of 112?
2
What is the ten thousands digit of 20838?
2
What is the thousands digit of 15006?
5
What is the tens digit of 3246?
4
What is the units digit of 8050?
0
What is the units digit of 5284?
4
What is the tens digit of 12051?
5
What is the tens digit of 5985?
8
What is the hundreds digit of 1324?
3
What is the thousands digit of 2131?
2
What is the tens digit of 3451?
5
What is the units digit of 3348?
8
What is the tens digit of 20918?
1
What is the tens digit of 138778?
7
What is the units digit of 93355?
5
What is the units digit of 772?
2
What is the hundreds digit of 3319?
3
What is the hundreds digit of 410?
4
What is the tens digit of 15895?
9
What is the units digit of 240?
0
What is the units digit of 4729?
9
What is the hundreds digit of 51189?
1
What is the units digit of 742?
2
What is the hundreds digit of 35831?
8
What is the hundreds digit of 698?
6
What is the units digit of 47875?
5
What is the tens digit of 3758?
5
What is the hundreds digit of 2757?
7
What is the units digit of 67883?
3
What is the thousands digit of 21412?
1
What is the tens digit of 23261?
6
What is the hundreds digit of 889?
8
What is the tens digit of 6352?
5
What is the hundreds digit of 5754?
7
What is the hundreds digit of 14643?
6
What is the units digit of 54?
4
What is the hundreds digit of 43292?
2
What is the hundreds digit of 587?
5
What is the thousands digit of 104193?
4
What is the hundreds digit of 3777?
7
What is the units digit of 44403?
3
What is the hundreds digit of 13932?
9
What is the tens digit of 2410?
1
What is the tens digit of 26283?
8
What is the units digit of 33?
3
What is the hundreds digit of 3881?
8
What is the tens digit of 33773?
7
What is the units digit of 16383?
3
What is the tens digit of 781?
8
What is the hundreds digit of 4305?
3
What is the ten thousands digit of 11949?
1
What is the tens digit of 1954?
5
What is the tens digit of 1916?
1
What is the tens digit of 233?
3
What is the units digit of 4654?
4
What is the ten thousands digit of 137786?
3
What is the thousands digit of 10344?
0
What is the hundreds digit of 2932?
9
What is the hundreds digit of 284?
2
What is the thousands digit of 4573?
4
What is the units digit of 5628?
8
What is the units digit of 1751?
1
What is the thousands digit of 2330?
2
What is the thousands digit of 44675?
4
What is the tens digit of 1318?
1
What is the tens digit of 1654?
5
What is the tens digit of 71?
7
What is the hundreds digit of 398?
3
What is the hundreds digit of 15949?
9
What is the units digit of 5005?
5
What is the units digit of 42981?
1
What is the hundreds digit of 3487?
4
What is the units digit of 238?
8
What is the units digit of 24898?
8
What is the hundreds digit of 17874?
8
What is the thousands digit of 3109?
3
What is the units digit of 13684?
4
What is the units digit of 28140?
0
What is the hundreds digit of 46469?
4
What is the units digit of 8202?
2
What is the tens digit of 201?
0
What is the hundreds digit of 108894?
8
What is the hundreds digit of 135342?
3
What is the hundred thousands digit of 114276?
1
What is the hundreds digit of 13651?
6
What is the thousands digit of 3187?
3
What is the tens digit of 60650?
5
What is the tens digit of 1257?
5
What is the thousands digit of 4027?
4
What is the tens digit of 27755?
5
What is the units digit of 1918?
8
What is the thousands digit of 2041?
2
What is the hundreds digit of 360?
3
What is the units digit of 4205?
5
What is the hundreds digit of 62347?
3
What is the units digit of 642?
2
What is the hundreds digit of 172?
1
What is the hundreds digit of 13806?
8
What is the tens digit of 1263?
6
What is the hundreds digit of 10967?
9
What is the thousands digit of 2609?
2
What is the